{"id":2409,"date":"2023-11-03T18:56:12","date_gmt":"2023-11-03T18:56:12","guid":{"rendered":"https:\/\/wandelethos.com\/clinica\/?page_id=2409"},"modified":"2024-02-21T18:10:30","modified_gmt":"2024-02-21T18:10:30","slug":"quejas-y-sugerencias","status":"publish","type":"page","link":"https:\/\/wandelethos.com\/clinica\/quejas-y-sugerencias\/","title":{"rendered":"Quejas y Sugerencias"},"content":{"rendered":"\t\t<div data-elementor-type=\"wp-page\" data-elementor-id=\"2409\" class=\"elementor elementor-2409\" data-elementor-post-type=\"page\">\n\t\t\t\t<div class=\"elementor-element elementor-element-cad5e38 e-flex e-con-boxed wpr-particle-no wpr-jarallax-no wpr-parallax-no wpr-sticky-section-no wpr-column-slider-no wpr-equal-height-no e-con e-parent\" data-id=\"cad5e38\" data-element_type=\"container\" data-e-type=\"container\">\n\t\t\t\t\t<div class=\"e-con-inner\">\n\t\t<div class=\"elementor-element elementor-element-a502010 e-con-full e-flex wpr-particle-no wpr-jarallax-no wpr-parallax-no wpr-sticky-section-no wpr-column-slider-no wpr-equal-height-no e-con e-child\" data-id=\"a502010\" data-element_type=\"container\" data-e-type=\"container\">\n\t\t\t\t<div class=\"elementor-element elementor-element-7423a03 elementor-widget elementor-widget-heading\" data-id=\"7423a03\" data-element_type=\"widget\" data-e-type=\"widget\" data-widget_type=\"heading.default\">\n\t\t\t\t<div class=\"elementor-widget-container\">\n\t\t\t\t\t<h2 class=\"elementor-heading-title elementor-size-default\">Comentarios, Quejas y Sugerencias<\/h2>\t\t\t\t<\/div>\n\t\t\t\t<\/div>\n\t\t\t\t<div class=\"elementor-element elementor-element-114c08e elementor-widget elementor-widget-text-editor\" data-id=\"114c08e\" data-element_type=\"widget\" data-e-type=\"widget\" data-widget_type=\"text-editor.default\">\n\t\t\t\t<div class=\"elementor-widget-container\">\n\t\t\t\t\t\t\t\t\t<p>Por favor, t\u00f3mate un momento para proporcionarnos tus comentarios, quejas o sugerencias.<\/p><p>Tu opini\u00f3n es valiosa y nos ayuda a mejorar nuestros servicios.<\/p><p>Completa el siguiente formulario y nos pondremos en contacto contigo en caso de que necesitemos m\u00e1s informaci\u00f3n o si deseas una respuesta.<\/p>\t\t\t\t\t\t\t\t<\/div>\n\t\t\t\t<\/div>\n\t\t\t\t<\/div>\n\t\t<div class=\"elementor-element elementor-element-25c7988 e-con-full e-flex wpr-particle-no wpr-jarallax-no wpr-parallax-no wpr-sticky-section-no wpr-column-slider-no wpr-equal-height-no e-con e-child\" data-id=\"25c7988\" data-element_type=\"container\" data-e-type=\"container\" data-settings=\"{&quot;background_background&quot;:&quot;classic&quot;}\">\n\t\t\t\t<div class=\"elementor-element elementor-element-4795e73 elementor-button-align-stretch elementor-widget elementor-widget-form\" data-id=\"4795e73\" data-element_type=\"widget\" data-e-type=\"widget\" data-settings=\"{&quot;step_next_label&quot;:&quot;Siguiente&quot;,&quot;step_previous_label&quot;:&quot;Anterior&quot;,&quot;button_width&quot;:&quot;100&quot;,&quot;step_type&quot;:&quot;number_text&quot;,&quot;step_icon_shape&quot;:&quot;circle&quot;}\" data-widget_type=\"form.default\">\n\t\t\t\t<div class=\"elementor-widget-container\">\n\t\t\t\t\t\t\t<form class=\"elementor-form\" method=\"post\" name=\"Quejas - Wandelethos\" aria-label=\"Quejas - Wandelethos\">\n\t\t\t<input type=\"hidden\" name=\"post_id\" value=\"2409\"\/>\n\t\t\t<input type=\"hidden\" name=\"form_id\" value=\"4795e73\"\/>\n\t\t\t<input type=\"hidden\" name=\"referer_title\" value=\"Quejas y Sugerencias - PSIC\u00d3LOGOS ONLINE Y PRESENCIAL -PSIC\u00d3LOGOS CDMX, EDO M\u00c9X, M\u00c9XICO.\" \/>\n\n\t\t\t\t\t\t\t<input type=\"hidden\" name=\"queried_id\" value=\"2409\"\/>\n\t\t\t\n\t\t\t<div class=\"elementor-form-fields-wrapper elementor-labels-above\">\n\t\t\t\t\t\t\t\t<div class=\"elementor-field-type-text elementor-field-group elementor-column elementor-field-group-name elementor-col-100 elementor-field-required elementor-mark-required\">\n\t\t\t\t\t\t\t\t\t\t\t\t<label for=\"form-field-name\" class=\"elementor-field-label\">\n\t\t\t\t\t\t\t\tNombre\t\t\t\t\t\t\t<\/label>\n\t\t\t\t\t\t\t\t\t\t\t\t\t\t<input size=\"1\" type=\"text\" name=\"form_fields[name]\" id=\"form-field-name\" class=\"elementor-field elementor-size-sm  elementor-field-textual\" required=\"required\">\n\t\t\t\t\t\t\t\t\t\t\t<\/div>\n\t\t\t\t\t\t\t\t<div class=\"elementor-field-type-email elementor-field-group elementor-column elementor-field-group-email elementor-col-100 elementor-field-required elementor-mark-required\">\n\t\t\t\t\t\t\t\t\t\t\t\t<label for=\"form-field-email\" class=\"elementor-field-label\">\n\t\t\t\t\t\t\t\tCorreo Electr\u00f3nico\t\t\t\t\t\t\t<\/label>\n\t\t\t\t\t\t\t\t\t\t\t\t\t\t<input size=\"1\" type=\"email\" name=\"form_fields[email]\" id=\"form-field-email\" class=\"elementor-field elementor-size-sm  elementor-field-textual\" required=\"required\">\n\t\t\t\t\t\t\t\t\t\t\t<\/div>\n\t\t\t\t\t\t\t\t<div class=\"elementor-field-type-tel elementor-field-group elementor-column elementor-field-group-field_fc7e1d5 elementor-col-100 elementor-field-required elementor-mark-required\">\n\t\t\t\t\t\t\t\t\t\t\t\t<label for=\"form-field-field_fc7e1d5\" class=\"elementor-field-label\">\n\t\t\t\t\t\t\t\tN\u00famero de WhatsApp\t\t\t\t\t\t\t<\/label>\n\t\t\t\t\t\t\t\t<input size=\"1\" type=\"tel\" name=\"form_fields[field_fc7e1d5]\" id=\"form-field-field_fc7e1d5\" class=\"elementor-field elementor-size-sm  elementor-field-textual\" required=\"required\" pattern=\"[0-9()#&amp;+*-=.]+\" title=\"Solo se aceptan n\u00fameros y caracteres de tel\u00e9fono (#,-,*,etc).\">\n\n\t\t\t\t\t\t<\/div>\n\t\t\t\t\t\t\t\t<div class=\"elementor-field-type-select elementor-field-group elementor-column elementor-field-group-field_d0b19fb elementor-col-100 elementor-field-required elementor-mark-required\">\n\t\t\t\t\t\t\t\t\t\t\t\t<label for=\"form-field-field_d0b19fb\" class=\"elementor-field-label\">\n\t\t\t\t\t\t\t\tTipo de Comentario:\t\t\t\t\t\t\t<\/label>\n\t\t\t\t\t\t\t\t<div class=\"elementor-field elementor-select-wrapper remove-before \">\n\t\t\t<div class=\"select-caret-down-wrapper\">\n\t\t\t\t<i aria-hidden=\"true\" class=\"eicon-caret-down\"><\/i>\t\t\t<\/div>\n\t\t\t<select name=\"form_fields[field_d0b19fb]\" id=\"form-field-field_d0b19fb\" class=\"elementor-field-textual elementor-size-sm\" required=\"required\">\n\t\t\t\t\t\t\t\t\t<option value=\"Queja\">Queja<\/option>\n\t\t\t\t\t\t\t\t\t<option value=\"Sugerencia\">Sugerencia<\/option>\n\t\t\t\t\t\t\t\t\t<option value=\"Otro\">Otro<\/option>\n\t\t\t\t\t\t\t<\/select>\n\t\t<\/div>\n\t\t\t\t\t\t<\/div>\n\t\t\t\t\t\t\t\t<div class=\"elementor-field-type-textarea elementor-field-group elementor-column elementor-field-group-field_c01e75b elementor-col-100 elementor-field-required elementor-mark-required\">\n\t\t\t\t\t\t\t\t\t\t\t\t<label for=\"form-field-field_c01e75b\" class=\"elementor-field-label\">\n\t\t\t\t\t\t\t\tDetalle de tu Comentario:\t\t\t\t\t\t\t<\/label>\n\t\t\t\t\t\t<textarea class=\"elementor-field-textual elementor-field  elementor-size-sm\" name=\"form_fields[field_c01e75b]\" id=\"form-field-field_c01e75b\" rows=\"4\" required=\"required\"><\/textarea>\t\t\t\t<\/div>\n\t\t\t\t\t\t\t\t<div class=\"elementor-field-type-radio elementor-field-group elementor-column elementor-field-group-field_989d1d2 elementor-col-100\">\n\t\t\t\t\t\t\t\t\t\t\t\t<label for=\"form-field-field_989d1d2\" class=\"elementor-field-label\">\n\t\t\t\t\t\t\t\t\u00bfDeseas una respuesta?\t\t\t\t\t\t\t<\/label>\n\t\t\t\t\t\t<div class=\"elementor-field-subgroup  elementor-subgroup-inline\"><span class=\"elementor-field-option\"><input type=\"radio\" value=\"Si\" id=\"form-field-field_989d1d2-0\" name=\"form_fields[field_989d1d2]\"> <label for=\"form-field-field_989d1d2-0\">Si<\/label><\/span><span class=\"elementor-field-option\"><input type=\"radio\" value=\"No\" id=\"form-field-field_989d1d2-1\" name=\"form_fields[field_989d1d2]\"> <label for=\"form-field-field_989d1d2-1\">No<\/label><\/span><\/div>\t\t\t\t<\/div>\n\t\t\t\t\t\t\t\t<div class=\"elementor-field-type-recaptcha_v3 elementor-field-group elementor-column elementor-field-group-field_0657694 elementor-col-100 recaptcha_v3-bottomright\">\n\t\t\t\t\t<div class=\"elementor-field\" id=\"form-field-field_0657694\"><div class=\"elementor-g-recaptcha\" data-sitekey=\"6LdLPw4pAAAAAF5wd8DIKfjxuGK6p04OcFfFezEj\" data-type=\"v3\" data-action=\"Form\" data-badge=\"bottomright\" data-size=\"invisible\"><\/div><\/div>\t\t\t\t<\/div>\n\t\t\t\t\t\t\t\t<div class=\"elementor-field-group elementor-column elementor-field-type-submit elementor-col-100 e-form__buttons\">\n\t\t\t\t\t<button class=\"elementor-button elementor-size-sm\" type=\"submit\">\n\t\t\t\t\t\t<span class=\"elementor-button-content-wrapper\">\n\t\t\t\t\t\t\t\t\t\t\t\t\t\t\t\t\t\t\t\t\t\t<span class=\"elementor-button-text\">ENVIAR<\/span>\n\t\t\t\t\t\t\t\t\t\t\t\t\t<\/span>\n\t\t\t\t\t<\/button>\n\t\t\t\t<\/div>\n\t\t\t<\/div>\n\t\t<\/form>\n\t\t\t\t\t\t<\/div>\n\t\t\t\t<\/div>\n\t\t\t\t<\/div>\n\t\t\t\t\t<\/div>\n\t\t\t\t<\/div>\n\t\t\t\t<\/div>\n\t\t","protected":false},"excerpt":{"rendered":"<p>Comentarios, Quejas y Sugerencias Por favor, t\u00f3mate un momento para proporcionarnos tus comentarios, quejas o sugerencias. Tu opini\u00f3n es valiosa y nos ayuda a mejorar nuestros servicios. Completa el siguiente formulario y nos pondremos en contacto contigo en caso de que necesitemos m\u00e1s informaci\u00f3n o si deseas una respuesta.<\/p>\n","protected":false},"author":1,"featured_media":0,"parent":0,"menu_order":0,"comment_status":"closed","ping_status":"closed","template":"","meta":{"footnotes":""},"class_list":["post-2409","page","type-page","status-publish","hentry"],"yoast_head":"<!-- This site is optimized with the Yoast SEO plugin v27.6 - https:\/\/yoast.com\/product\/yoast-seo-wordpress\/ -->\n<title>Quejas y Sugerencias - PSIC\u00d3LOGOS ONLINE Y PRESENCIAL -PSIC\u00d3LOGOS CDMX, EDO M\u00c9X, M\u00c9XICO.<\/title>\n<meta name=\"description\" content=\"T\u00f3mate un momento para proporcionarnos tus comentarios, quejas o sugerencias. Tu opini\u00f3n es valiosa y nos ayuda a mejorar nuestros servicios.\" \/>\n<meta name=\"robots\" content=\"index, follow, max-snippet:-1, max-image-preview:large, max-video-preview:-1\" \/>\n<link rel=\"canonical\" href=\"https:\/\/wandelethos.com\/clinica\/quejas-y-sugerencias\/\" \/>\n<meta property=\"og:locale\" content=\"es_ES\" \/>\n<meta property=\"og:type\" content=\"article\" \/>\n<meta property=\"og:title\" content=\"Quejas y Sugerencias - PSIC\u00d3LOGOS ONLINE Y PRESENCIAL -PSIC\u00d3LOGOS CDMX, EDO M\u00c9X, M\u00c9XICO.\" \/>\n<meta property=\"og:description\" content=\"T\u00f3mate un momento para proporcionarnos tus comentarios, quejas o sugerencias. Tu opini\u00f3n es valiosa y nos ayuda a mejorar nuestros servicios.\" \/>\n<meta property=\"og:url\" content=\"https:\/\/wandelethos.com\/clinica\/quejas-y-sugerencias\/\" \/>\n<meta property=\"og:site_name\" content=\"PSIC\u00d3LOGOS ONLINE Y PRESENCIAL -PSIC\u00d3LOGOS CDMX, EDO M\u00c9X, M\u00c9XICO.\" \/>\n<meta property=\"article:publisher\" content=\"https:\/\/www.facebook.com\/psicologosyterapiadepareja\" \/>\n<meta property=\"article:modified_time\" content=\"2024-02-21T18:10:30+00:00\" \/>\n<meta property=\"og:image\" content=\"https:\/\/wandelethos.com\/clinica\/wp-content\/uploads\/2023\/11\/centro-de-atencion-psicologica-wandelethos.webp\" \/>\n\t<meta property=\"og:image:width\" content=\"300\" \/>\n\t<meta property=\"og:image:height\" content=\"300\" \/>\n\t<meta property=\"og:image:type\" content=\"image\/webp\" \/>\n<meta name=\"twitter:card\" content=\"summary_large_image\" \/>\n<meta name=\"twitter:label1\" content=\"Tiempo de lectura\" \/>\n\t<meta name=\"twitter:data1\" content=\"1 minuto\" \/>\n<script type=\"application\/ld+json\" class=\"yoast-schema-graph\">{\"@context\":\"https:\\\/\\\/schema.org\",\"@graph\":[{\"@type\":\"WebPage\",\"@id\":\"https:\\\/\\\/wandelethos.com\\\/clinica\\\/quejas-y-sugerencias\\\/\",\"url\":\"https:\\\/\\\/wandelethos.com\\\/clinica\\\/quejas-y-sugerencias\\\/\",\"name\":\"Quejas y Sugerencias - PSIC\u00d3LOGOS ONLINE Y PRESENCIAL -PSIC\u00d3LOGOS CDMX, EDO M\u00c9X, M\u00c9XICO.\",\"isPartOf\":{\"@id\":\"https:\\\/\\\/wandelethos.com\\\/clinica\\\/#website\"},\"datePublished\":\"2023-11-03T18:56:12+00:00\",\"dateModified\":\"2024-02-21T18:10:30+00:00\",\"description\":\"T\u00f3mate un momento para proporcionarnos tus comentarios, quejas o sugerencias. Tu opini\u00f3n es valiosa y nos ayuda a mejorar nuestros servicios.\",\"breadcrumb\":{\"@id\":\"https:\\\/\\\/wandelethos.com\\\/clinica\\\/quejas-y-sugerencias\\\/#breadcrumb\"},\"inLanguage\":\"es\",\"potentialAction\":[{\"@type\":\"ReadAction\",\"target\":[\"https:\\\/\\\/wandelethos.com\\\/clinica\\\/quejas-y-sugerencias\\\/\"]}]},{\"@type\":\"BreadcrumbList\",\"@id\":\"https:\\\/\\\/wandelethos.com\\\/clinica\\\/quejas-y-sugerencias\\\/#breadcrumb\",\"itemListElement\":[{\"@type\":\"ListItem\",\"position\":1,\"name\":\"Portada\",\"item\":\"https:\\\/\\\/wandelethos.com\\\/clinica\\\/\"},{\"@type\":\"ListItem\",\"position\":2,\"name\":\"Quejas y Sugerencias\"}]},{\"@type\":\"WebSite\",\"@id\":\"https:\\\/\\\/wandelethos.com\\\/clinica\\\/#website\",\"url\":\"https:\\\/\\\/wandelethos.com\\\/clinica\\\/\",\"name\":\"PSIC\u00d3LOGOS ONLINE Y PRESENCIAL -PSIC\u00d3LOGOS CDMX, EDO M\u00c9X, M\u00c9XICO.\",\"description\":\"Psic\u00f3logos online y presencial-Psic\u00f2logos CDMX- Edo M\u00e9x-M\u00e9xico,  Centro de Atenci\u00f3n Psicol\u00f3gica Wandelethos, contamos con psic\u00f3logos especialistas en Terapia Psicologica Individual  y Terapia de Pareja en online y presencial en CDMX- Edo M\u00e9x- M\u00e9xico.\",\"publisher\":{\"@id\":\"https:\\\/\\\/wandelethos.com\\\/clinica\\\/#organization\"},\"alternateName\":\"Psic\u00f3logos Online y Presencial - Psic\u00f3logos en M\u00e9xico\",\"potentialAction\":[{\"@type\":\"SearchAction\",\"target\":{\"@type\":\"EntryPoint\",\"urlTemplate\":\"https:\\\/\\\/wandelethos.com\\\/clinica\\\/?s={search_term_string}\"},\"query-input\":{\"@type\":\"PropertyValueSpecification\",\"valueRequired\":true,\"valueName\":\"search_term_string\"}}],\"inLanguage\":\"es\"},{\"@type\":\"Organization\",\"@id\":\"https:\\\/\\\/wandelethos.com\\\/clinica\\\/#organization\",\"name\":\"Centro de Atenci\u00f3n Psicologica WANDELETHOS\",\"url\":\"https:\\\/\\\/wandelethos.com\\\/clinica\\\/\",\"logo\":{\"@type\":\"ImageObject\",\"inLanguage\":\"es\",\"@id\":\"https:\\\/\\\/wandelethos.com\\\/clinica\\\/#\\\/schema\\\/logo\\\/image\\\/\",\"url\":\"https:\\\/\\\/wandelethos.com\\\/clinica\\\/wp-content\\\/uploads\\\/2023\\\/11\\\/centro-de-atencion-psicologica-wandelethos.webp\",\"contentUrl\":\"https:\\\/\\\/wandelethos.com\\\/clinica\\\/wp-content\\\/uploads\\\/2023\\\/11\\\/centro-de-atencion-psicologica-wandelethos.webp\",\"width\":300,\"height\":300,\"caption\":\"Centro de Atenci\u00f3n Psicologica WANDELETHOS\"},\"image\":{\"@id\":\"https:\\\/\\\/wandelethos.com\\\/clinica\\\/#\\\/schema\\\/logo\\\/image\\\/\"},\"sameAs\":[\"https:\\\/\\\/www.facebook.com\\\/psicologosyterapiadepareja\"]}]}<\/script>\n<!-- \/ Yoast SEO plugin. -->","yoast_head_json":{"title":"Quejas y Sugerencias - PSIC\u00d3LOGOS ONLINE Y PRESENCIAL -PSIC\u00d3LOGOS CDMX, EDO M\u00c9X, M\u00c9XICO.","description":"T\u00f3mate un momento para proporcionarnos tus comentarios, quejas o sugerencias. Tu opini\u00f3n es valiosa y nos ayuda a mejorar nuestros servicios.","robots":{"index":"index","follow":"follow","max-snippet":"max-snippet:-1","max-image-preview":"max-image-preview:large","max-video-preview":"max-video-preview:-1"},"canonical":"https:\/\/wandelethos.com\/clinica\/quejas-y-sugerencias\/","og_locale":"es_ES","og_type":"article","og_title":"Quejas y Sugerencias - PSIC\u00d3LOGOS ONLINE Y PRESENCIAL -PSIC\u00d3LOGOS CDMX, EDO M\u00c9X, M\u00c9XICO.","og_description":"T\u00f3mate un momento para proporcionarnos tus comentarios, quejas o sugerencias. Tu opini\u00f3n es valiosa y nos ayuda a mejorar nuestros servicios.","og_url":"https:\/\/wandelethos.com\/clinica\/quejas-y-sugerencias\/","og_site_name":"PSIC\u00d3LOGOS ONLINE Y PRESENCIAL -PSIC\u00d3LOGOS CDMX, EDO M\u00c9X, M\u00c9XICO.","article_publisher":"https:\/\/www.facebook.com\/psicologosyterapiadepareja","article_modified_time":"2024-02-21T18:10:30+00:00","og_image":[{"width":300,"height":300,"url":"https:\/\/wandelethos.com\/clinica\/wp-content\/uploads\/2023\/11\/centro-de-atencion-psicologica-wandelethos.webp","type":"image\/webp"}],"twitter_card":"summary_large_image","twitter_misc":{"Tiempo de lectura":"1 minuto"},"schema":{"@context":"https:\/\/schema.org","@graph":[{"@type":"WebPage","@id":"https:\/\/wandelethos.com\/clinica\/quejas-y-sugerencias\/","url":"https:\/\/wandelethos.com\/clinica\/quejas-y-sugerencias\/","name":"Quejas y Sugerencias - PSIC\u00d3LOGOS ONLINE Y PRESENCIAL -PSIC\u00d3LOGOS CDMX, EDO M\u00c9X, M\u00c9XICO.","isPartOf":{"@id":"https:\/\/wandelethos.com\/clinica\/#website"},"datePublished":"2023-11-03T18:56:12+00:00","dateModified":"2024-02-21T18:10:30+00:00","description":"T\u00f3mate un momento para proporcionarnos tus comentarios, quejas o sugerencias. Tu opini\u00f3n es valiosa y nos ayuda a mejorar nuestros servicios.","breadcrumb":{"@id":"https:\/\/wandelethos.com\/clinica\/quejas-y-sugerencias\/#breadcrumb"},"inLanguage":"es","potentialAction":[{"@type":"ReadAction","target":["https:\/\/wandelethos.com\/clinica\/quejas-y-sugerencias\/"]}]},{"@type":"BreadcrumbList","@id":"https:\/\/wandelethos.com\/clinica\/quejas-y-sugerencias\/#breadcrumb","itemListElement":[{"@type":"ListItem","position":1,"name":"Portada","item":"https:\/\/wandelethos.com\/clinica\/"},{"@type":"ListItem","position":2,"name":"Quejas y Sugerencias"}]},{"@type":"WebSite","@id":"https:\/\/wandelethos.com\/clinica\/#website","url":"https:\/\/wandelethos.com\/clinica\/","name":"PSIC\u00d3LOGOS ONLINE Y PRESENCIAL -PSIC\u00d3LOGOS CDMX, EDO M\u00c9X, M\u00c9XICO.","description":"Psic\u00f3logos online y presencial-Psic\u00f2logos CDMX- Edo M\u00e9x-M\u00e9xico,  Centro de Atenci\u00f3n Psicol\u00f3gica Wandelethos, contamos con psic\u00f3logos especialistas en Terapia Psicologica Individual  y Terapia de Pareja en online y presencial en CDMX- Edo M\u00e9x- M\u00e9xico.","publisher":{"@id":"https:\/\/wandelethos.com\/clinica\/#organization"},"alternateName":"Psic\u00f3logos Online y Presencial - Psic\u00f3logos en M\u00e9xico","potentialAction":[{"@type":"SearchAction","target":{"@type":"EntryPoint","urlTemplate":"https:\/\/wandelethos.com\/clinica\/?s={search_term_string}"},"query-input":{"@type":"PropertyValueSpecification","valueRequired":true,"valueName":"search_term_string"}}],"inLanguage":"es"},{"@type":"Organization","@id":"https:\/\/wandelethos.com\/clinica\/#organization","name":"Centro de Atenci\u00f3n Psicologica WANDELETHOS","url":"https:\/\/wandelethos.com\/clinica\/","logo":{"@type":"ImageObject","inLanguage":"es","@id":"https:\/\/wandelethos.com\/clinica\/#\/schema\/logo\/image\/","url":"https:\/\/wandelethos.com\/clinica\/wp-content\/uploads\/2023\/11\/centro-de-atencion-psicologica-wandelethos.webp","contentUrl":"https:\/\/wandelethos.com\/clinica\/wp-content\/uploads\/2023\/11\/centro-de-atencion-psicologica-wandelethos.webp","width":300,"height":300,"caption":"Centro de Atenci\u00f3n Psicologica WANDELETHOS"},"image":{"@id":"https:\/\/wandelethos.com\/clinica\/#\/schema\/logo\/image\/"},"sameAs":["https:\/\/www.facebook.com\/psicologosyterapiadepareja"]}]}},"_links":{"self":[{"href":"https:\/\/wandelethos.com\/clinica\/wp-json\/wp\/v2\/pages\/2409","targetHints":{"allow":["GET"]}}],"collection":[{"href":"https:\/\/wandelethos.com\/clinica\/wp-json\/wp\/v2\/pages"}],"about":[{"href":"https:\/\/wandelethos.com\/clinica\/wp-json\/wp\/v2\/types\/page"}],"author":[{"embeddable":true,"href":"https:\/\/wandelethos.com\/clinica\/wp-json\/wp\/v2\/users\/1"}],"replies":[{"embeddable":true,"href":"https:\/\/wandelethos.com\/clinica\/wp-json\/wp\/v2\/comments?post=2409"}],"version-history":[{"count":31,"href":"https:\/\/wandelethos.com\/clinica\/wp-json\/wp\/v2\/pages\/2409\/revisions"}],"predecessor-version":[{"id":7011,"href":"https:\/\/wandelethos.com\/clinica\/wp-json\/wp\/v2\/pages\/2409\/revisions\/7011"}],"wp:attachment":[{"href":"https:\/\/wandelethos.com\/clinica\/wp-json\/wp\/v2\/media?parent=2409"}],"curies":[{"name":"wp","href":"https:\/\/api.w.org\/{rel}","templated":true}]}}